e 16) in base 4?
2
Convert 2020 (base 4) to base 16.
88
Convert 1 (base 2) to base 11.
1
-28 (base 14) to base 10
-36
Convert -3 (base 7) to base 16.
-3
Convert -75 (base 13) to base 15.
-66
b (base 13) to base 5
21
What is 117 (base 9) in base 13?
76
Convert 2b (base 15) to base 4.
221
What is -1 (base 10) in base 7?
-1
-4 (base 10) to base 5
-4
Convert 135 (base 8) to base 9.
113
What is 0 (base 16) in base 14?
0
Convert 0 (base 14) to base 7.
0
What is -43 (base 6) in base 2?
-11011
Convert 39 (base 10) to base 13.
30
Convert -45 (base 12) to base 5.
-203
What is -1 (base 9) in base 11?
-1
-b (base 16) to base 13
-b
1 (base 5) to base 12
1
-6 (base 10) to base 4
-12
6 (base 12) to base 4
12
f2 (base 16) to base 2
11110010
What is -1 (base 3) in base 4?
-1
-3b (base 12) to base 10
-47
What is 22221 (base 3) in base 5?
1431
Convert -7 (base 8) to base 16.
-7
Convert -1100010 (base 2) to base 4.
-1202
6 (base 14) to base 12
6
Convert -13 (base 16) to base 9.
-21
0 (base 12) to base 5
0
What is 31 (base 14) in base 15?
2d
115 (base 6) to base 14
35
What is 0 (base 6) in base 14?
0
111 (base 6) to base 4
223
Convert 5 (base 6) to base 2.
101
1 (base 11) to base 13
1
11 (base 2) to base 14
3
What is -36 (base 12) in base 11?
-39
5 (base 9) to base 5
10
-1 (base 13) to base 11
-1
Convert a (base 11) to base 15.
a
3 (base 9) to base 5
3
What is 2 (base 12) in base 16?
2
Convert 100 (base 2) to base 6.
4
What is -120 (base 3) in base 4?
-33
What is -16 (base 9) in base 11?
-14
Convert -1110 (base 2) to base 6.
-22
Convert 121 (base 4) to base 11.
23
Convert 300 (base 5) to base 8.
113
What is -105 (base 7) in base 4?
-312
Convert 18 (base 16) to base 3.
220
Convert -238 (base 9) to base 5.
-1242
-24 (base 5) to base 11
-13
-3 (base 6) to base 5
-3
What is -130 (base 4) in base 3?
-1001
2 (base 9) to base 10
2
What is 2 (base 12) in base 2?
10
What is -31 (base 15) in base 3?
-1201
8 (base 12) to base 11
8
What is 436 (base 7) in base 9?
267
What is -6 (base 11) in base 4?
-12
Convert -ac (base 14) to base 4.
-2120
-1 (base 7) to base 2
-1
Convert -1 (base 12) to base 10.
-1
What is 221 (base 5) in base 14?
45
2 (base 10) to base 11
2
Convert 7 (base 11) to base 2.
111
1 (base 5) to base 3
1
What is 3 (base 12) in base 3?
10
-1 (base 10) to base 2
-1
Convert -4 (base 12) to base 14.
-4
Convert -15 (base 13) to base 9.
-20
Convert 11101110 (base 2) to base 11.
1a7
Convert 1011111 (base 2) to base 12.
7b
What is -2 (base 6) in base 2?
-10
3 (base 10) to base 5
3
What is 13 (base 4) in base 13?
7
What is 8 (base 9) in base 3?
22
Convert 2 (base 5) to base 6.
2
Convert 174 (base 8) to base 13.
97
Convert -1 (base 11) to base 7.
-1
-10000 (base 2) to base 5
-31
20 (base 3) to base 8
6
3 (base 13) to base 15
3
What is -5 (base 6) in base 14?
-5
What is 0 (base 10) in base 12?
0
2b (base 13) to base 4
211
What is 100 (base 3) in base 10?
9
Convert 400 (base 5) to base 9.
121
Convert 1222 (base 4) to base 11.
97
What is 0 (base 8) in base 15?
0
Convert -130 (base 4) to base 10.
-28
What is 3 (base 4) in base 11?
3
Convert 0 (base 3) to base 11.
0
What is -5 (base 10) in base 2?
-101
What is 222 (base 4) in base 13?
33
2 (base 3) to base 4
2
What is 24 (base 5) in base 16?
e
Convert -301 (base 6) to base 14.
-7b
-3 (base 11) to base 13
-3
What is -5 (base 6) in base 15?
-5
10 (base 6) to base 16
6
-140 (base 8) to base 7
-165
What is 2 (base 14) in base 5?
2
Convert 1 (base 13) to base 15.
1
Convert 314 (base 7) to base 3.
12212
49 (base 11) to base 7
104
Convert -1c (base 15) to base 16.
-1b
Convert 95 (base 16) to base 7.
302
92 (base 13) to base 10
119
Convert -43 (base 9) to base 6.
-103
Convert 185 (base 9) to base 7.
314
What is 234 (base 5) in base 3?
2120
-120 (base 3) to base 11
-14
10111 (base 4) to base 2
100010101
-6 (base 14) to base 11
-6
Convert -57 (base 12) to base 7.
-124
1 (base 2) to base 16
1
What is 11010 (base 2) in base 14?
1c
Convert 58 (base 16) to base 7.
154
Convert -1242 (base 6) to base 5.
-2224
134 (base 8) to base 16
5c
a (base 13) to base 2
1010
Convert -1 (base 11) to base 10.
-1
Convert 19 (base 11) to base 6.
32
Convert 1 (base 7) to base 4.
1
What is -1010 (base 2) in base 8?
-12
3 (base 8) to base 9
3
What is -55 (base 9) in base 11?
-46
-2 (base 12) to base 13
-2
What is -a (base 14) in base 3?
-101
Convert -1212 (base 3) to base 15.
-35
-34 (base 15) to base 10
-49
Convert 1 (base 4) to base 8.
1
Convert -1002 (base 3) to base 13.
-23
What is 2 (base 15) in base 11?
2
What is 22 (base 3) in base 8?
10
Convert -20 (base 6) to base 15.
-c
What is -3 (base 12) in base 10?
-3
What is -267 (base 8) in base 9?
-223
3032 (base 4) to base 12
152
40 (base 16) to base 14
48
What is -11 (base 3) in base 15?
-4
Convert -12 (base 16) to base 14.
-14
What is -c (base 13) in base 4?
-30
-41 (base 10) to base 4
-221
-3 (base 4) to base 10
-3
-11 (base 2) to base 3
-10
What is 11 (base 3) in base 11?
4
What is 4 (base 10) in base 5?
4
Convert 4 (base 15) to base 9.
4
Convert 365 (base 7) to base 8.
302
What is -2 (base 3) in base 10?
-2
Convert -155 (base 14) to base 10.
-271
Convert 2 (base 14) to base 16.
2
Convert 11 (base 10) to base 6.
15
402 (base 6) to base 16
92
What is -2 (base 13) in base 6?
-2
138 (base 14) to base 16
f6
Convert -4a (base 13) to base 12.
-52
What is 3c (base 16) in base 8?
74
What is 1 (base 13) in base 8?
1
What is -2 (base 7) in base 2?
-10
What is 3201 (base 4) in base 3?
22100
What is 1 (base 3) in base 6?
1
Convert -13 (base 8) to base 7.
-14
What is 1 (base 3) in base 8?
1
-9 (base 15) to base 4
-21
Convert -5 (base 10) to base 5.
-10
What is -12102 (base 3) in base 8?
-222
-b (base 15) to base 3
-102
What is 15 (base 9) in base 16?
e
3 (base 4) to base 9
3
Convert 11 (base 6) to base 7.
10
122 (base 8) to base 16
52
What is -432 (base 5) in base 7?
-225
Convert -34 (base 12) to base 15.
-2a
Convert -16 (base 9) to base 12.
-13
-15 (base 6) to base 8
-13
Convert 7 (base 8) to base 14.
7
32 (base 11) to base 10
35
Convert 131 (base 7) to base 4.
1013
Convert 201 (base 6) to base 16.
49
Convert -6 (base 15) to base 16.
-6
10101 (base 2) to base 7
30
What is -51 (base 8) in base 5?
-131
What is -13 (base 14) in base 15?
-12
Convert -111 (base 8) to base 2.
-1001001
Convert 2a (base 15) to base 6.
104
-30 (base 9) to base 2
-11011
-55 (base 12) to base 15
-45
424 (base 7) to base 9
257
Convert 110 (base 6) to base 2.
101010
20 (base 6) to base 5
22
1 (base 8) to base 15
1
10100111 (base 2) to base 6
435
What is 32 (base 4) in base 12?
12
What is -31 (base 16) in base 4?
-301
Convert 20 (base 8) to base 2.
10000
Convert 182 (base 10) to base 4.
2312
What is -4 (base 15) in base 16?
-4
What is 3e (base 15) in base 16?
3b
What is -3 (base 13) in base 12?
-3
-2 (base 3) to base 12
-2
Convert -2 (base 16) to base 14.
-2
Convert 113 (base 4) to base 11.
21
2 (base 15) to base 11
2
-62 (base 13) to base 10
-80
What is 100000 (base 2) in base 6?
52
What is -443 (base 9) in base 5?
-2423
What is -1001 (base 2) in base 5?
-14
-101 (base 2) to base 15
-5
What is -2 (base 13) in base 5?
-2
12 (base 4) to base 12
6
What is 311 (base 4) in base 6?
125
What is 14 (base 12) in base 14?
12
Convert -10233 (base 4) to base 13.
-1a4
-5 (base 8) to base 6
-5
Convert 11 (base 2) to base 14.
3
428 (base 9) to base 14
1b0
What is -57 (base 11) in base 2?
-111110
What is 0 (base 16) in base 6?
0
Convert -30 (base 13) to base 3.
-1110
-34 (base 8) to base 2
-11100
Convert -68 (base 10) to base 11.
-62
Convert 0 (base 8) to base 11.
0
What is 121 (base 8) in base 12?
69
Convert 22010 (base 3) to base 13.
13b
21200 (base 3) to base 10
207
-17 (base 9) to base 15
-11
2 (base 16) to base 10
2
Convert 1 (base 9) to base 15.
1
What is -221 (base 3) in base 4?
-121
Convert -2 (base 11) to base 12.
-2
Convert -5 (base 9) to base 5.
-10
Convert 4 (base 9) to base 11.
4
What is -12 (base 7) in base 15?
-9
1 (base 4) to base 12
1
-156 (base 8) to base 4
-1232
Convert 2 (base 11) to base 16.
2
What is 101 (base 2) in base 7?
5
Convert -5 (base 12) to base 6.
-5
What is 10 (base 12) in base 8?
14
What is b (base 13) in base 10?
11
23 (base 12) to base 10
27
4 (base 14) to base 13
4
What is -4b (base 15) in base 5?
-241
What is -100 (base 3)